en 5055 is divided by 339?
309
Calculate the remainder when 3290 is divided by 249.
53
Calculate the remainder when 1479 is divided by 85.
34
Calculate the remainder when 677285 is divided by 28.
21
Calculate the remainder when 1926 is divided by 1864.
62
What is the remainder when 6972 is divided by 114?
18
Calculate the remainder when 11488 is divided by 367.
111
What is the remainder when 220161 is divided by 73384?
9
Calculate the remainder when 688 is divided by 2.
0
What is the remainder when 1711 is divided by 398?
119
Calculate the remainder when 536589 is divided by 112.
109
What is the remainder when 2634 is divided by 552?
426
Calculate the remainder when 40171 is divided by 2676.
31
Calculate the remainder when 19058 is divided by 6351.
5
Calculate the remainder when 2324 is divided by 346.
248
What is the remainder when 3888 is divided by 5?
3
What is the remainder when 605284 is divided by 33?
31
Calculate the remainder when 248224 is divided by 82707.
103
What is the remainder when 657411 is divided by 93?
87
Calculate the remainder when 6479 is divided by 81.
80
Calculate the remainder when 33862 is divided by 102.
100
What is the remainder when 34914 is divided by 30?
24
What is the remainder when 6312 is divided by 1122?
702
Calculate the remainder when 4758 is divided by 28.
26
Calculate the remainder when 9172 is divided by 9.
1
What is the remainder when 186467 is divided by 46615?
7
Calculate the remainder when 4662 is divided by 15.
12
Calculate the remainder when 3995 is divided by 361.
24
What is the remainder when 18759 is divided by 88?
15
What is the remainder when 3362 is divided by 153?
149
What is the remainder when 865028 is divided by 363?
362
What is the remainder when 6243 is divided by 2065?
48
Calculate the remainder when 2728 is divided by 164.
104
Calculate the remainder when 26127 is divided by 93.
87
Calculate the remainder when 103321 is divided by 25.
21
What is the remainder when 122800 is divided by 44?
40
What is the remainder when 24376 is divided by 2?
0
What is the remainder when 80860 is divided by 8?
4
What is the remainder when 1785 is divided by 218?
41
Calculate the remainder when 858 is divided by 247.
117
What is the remainder when 67383 is divided by 66?
63
Calculate the remainder when 155971 is divided by 77977.
17
Calculate the remainder when 2390284 is divided by 31.
29
Calculate the remainder when 7251 is divided by 78.
75
Calculate the remainder when 452647 is divided by 276.
7
What is the remainder when 9192 is divided by 368?
360
Calculate the remainder when 7050 is divided by 82.
80
Calculate the remainder when 67638 is divided by 9.
3
Calculate the remainder when 170171 is divided by 9.
8
Calculate the remainder when 722067 is divided by 1130.
1127
What is the remainder when 609 is divided by 197?
18
What is the remainder when 363779 is divided by 119?
115
Calculate the remainder when 8144 is divided by 281.
276
What is the remainder when 9859 is divided by 63?
31
Calculate the remainder when 928 is divided by 243.
199
Calculate the remainder when 5752 is divided by 1880.
112
What is the remainder when 79169 is divided by 51?
17
What is the remainder when 102573 is divided by 4?
1
What is the remainder when 32936 is divided by 40?
16
What is the remainder when 4182 is divided by 139?
12
What is the remainder when 408 is divided by 204?
0
What is the remainder when 229281 is divided by 108?
105
What is the remainder when 16268 is divided by 370?
358
Calculate the remainder when 5440 is divided by 1858.
1724
Calculate the remainder when 632 is divided by 59.
42
Calculate the remainder when 10658 is divided by 1522.
4
What is the remainder when 44333 is divided by 97?
4
What is the remainder when 8352 is divided by 925?
27
Calculate the remainder when 92249 is divided by 566.
557
What is the remainder when 1733 is divided by 855?
23
Calculate the remainder when 1510771 is divided by 7.
3
What is the remainder when 55420 is divided by 482?
472
What is the remainder when 18714 is divided by 749?
738
Calculate the remainder when 137849 is divided by 150.
149
Calculate the remainder when 112232 is divided by 3618.
74
Calculate the remainder when 105756 is divided by 8134.
14
What is the remainder when 92789 is divided by 573?
536
Calculate the remainder when 5693662 is divided by 48.
46
What is the remainder when 607825 is divided by 3233?
21
Calculate the remainder when 3812 is divided by 1267.
11
What is the remainder when 9248 is divided by 18?
14
What is the remainder when 17154 is divided by 30?
24
What is the remainder when 61166 is divided by 110?
6
What is the remainder when 22239 is divided by 7412?
3
Calculate the remainder when 699202 is divided by 46612.
22
What is the remainder when 11657 is divided by 2888?
105
Calculate the remainder when 150198 is divided by 50060.
18
Calculate the remainder when 220392 is divided by 110195.
2
Calculate the remainder when 75917 is divided by 11.
6
What is the remainder when 5489 is divided by 1084?
69
Calculate the remainder when 6027 is divided by 48.
27
What is the remainder when 19062 is divided by 147?
99
Calculate the remainder when 25619 is divided by 3202.
3
Calculate the remainder when 176147 is divided by 189.
188
Calculate the remainder when 561354 is divided by 228.
18
What is the remainder when 18313 is divided by 2597?
134
Calculate the remainder when 67024 is divided by 100.
24
Calculate the remainder when 699837 is divided by 48.
45
Calculate the remainder when 92409 is divided by 14.
9
Calculate the remainder when 679537 is divided by 21.
19
Calculate the remainder when 6105 is divided by 1008.
57
What is the remainder when 224114 is divided by 173?
79
What is the remainder when 74792 is divided by 69?
65
What is the remainder when 34793 is divided by 201?
20
What is the remainder when 18416 is divided by 530?
396
Calculate the remainder when 6468 is divided by 109.
37
What is the remainder when 10707 is divided by 26?
21
Calculate the remainder when 39191 is divided by 725.
41
What is the remainder when 1013230 is divided by 1212?
1210
What is the remainder when 1134 is divided by 259?
98
What is the remainder when 2322 is divided by 212?
202
Calculate the remainder when 50050 is divided by 10010.
0
Calculate the remainder when 124177 is divided by 106.
51
Calculate the remainder when 2081 is divided by 21.
2
Calculate the remainder when 3501 is divided by 385.
36
What is the remainder when 52495 is divided by 6554?
63
Calculate the remainder when 10064 is divided by 1116.
20
What is the remainder when 11345 is divided by 5670?
5
Calculate the remainder when 855363 is divided by 42.
33
What is the remainder when 7819 is divided by 271?
231
Calculate the remainder when 34393 is divided by 3439.
3
Calculate the remainder when 74165 is divided by 789.
788
What is the remainder when 1539 is divided by 248?
51
What is the remainder when 1385 is divided by 30?
5
What is the remainder when 1726 is divided by 529?
139
What is the remainder when 400389 is divided by 483?
465
Calculate the remainder when 20918 is divided by 19.
18
Calculate the remainder when 407930 is divided by 33993.
14
Calculate the remainder when 10813 is divided by 241.
209
Calculate the remainder when 249 is divided by 212.
37
What is the remainder when 11782657 is divided by 19?
16
Calculate the remainder when 5761 is divided by 959.
7
What is the remainder when 16372 is divided by 397?
95
Calculate the remainder when 3689 is divided by 630.
539
Calculate the remainder when 38626 is divided by 19306.
14
Calculate the remainder when 3540 is divided by 874.
44
Calculate the remainder when 71235 is divided by 801.
747
Calculate the remainder when 350 is divided by 232.
118
What is the remainder when 915 is divided by 102?
99
Calculate the remainder when 10893 is divided by 527.
353
What is the remainder when 25736 is divided by 141?
74
What is the remainder when 89587 is divided by 469?
8
Calculate the remainder when 4914 is divided by 169.
13
Calculate the remainder when 3258 is divided by 1496.
266
What is the remainder when 2296 is divided by 883?
530
What is the remainder when 199979 is divided by 110?
109
Calculate the remainder when 7759 is divide